{"id":86,"date":"2025-05-23T18:04:12","date_gmt":"2025-05-23T16:04:12","guid":{"rendered":"https:\/\/cave-girondine.lesvignoblesdemaxime.fr\/?post_type=product&#038;p=86"},"modified":"2026-05-13T13:55:16","modified_gmt":"2026-05-13T11:55:16","slug":"tourteau-chollet-blanc-2020","status":"publish","type":"product","link":"https:\/\/cave-girondine.lesvignoblesdemaxime.fr\/?product=tourteau-chollet-blanc-2020","title":{"rendered":"Tourteau Chollet Blanc 2022"},"content":{"rendered":"<p>Pour un repas improvis\u00e9 entre amis ou en famille, ce blanc de Graves sort des sentiers battus. Sa bouche ronde et g\u00e9n\u00e9reuse rime aussi avec fra\u00eecheur et \u00e9l\u00e9gance. Retrouvez des ar\u00f4mes de p\u00eache blanche et abricot sec soutenus, par sa magnifique longueur en bouche, il satisfait les plus exigeants.<\/p>\n","protected":false},"excerpt":{"rendered":"<p>Pour un repas improvis\u00e9 entre amis ou en famille, ce blanc de Graves sort des sentiers battus. Sa bouche ronde et g\u00e9n\u00e9reuse rime aussi avec fra\u00eecheur et \u00e9l\u00e9gance. Retrouvez des ar\u00f4mes de p\u00eache blanche et abricot sec soutenus, par sa magnifique longueur en bouche, il satisfait les plus exigeants.<\/p>\n","protected":false},"featured_media":103,"template":"","meta":[],"product_brand":[],"product_cat":[16],"product_tag":[],"class_list":{"0":"post-86","1":"product","2":"type-product","3":"status-publish","4":"has-post-thumbnail","6":"product_cat-non-classe","8":"first","9":"instock","10":"virtual","11":"taxable","12":"purchasable","13":"product-type-simple"},"_links":{"self":[{"href":"https:\/\/cave-girondine.lesvignoblesdemaxime.fr\/index.php?rest_route=\/wp\/v2\/product\/86","targetHints":{"allow":["GET"]}}],"collection":[{"href":"https:\/\/cave-girondine.lesvignoblesdemaxime.fr\/index.php?rest_route=\/wp\/v2\/product"}],"about":[{"href":"https:\/\/cave-girondine.lesvignoblesdemaxime.fr\/index.php?rest_route=\/wp\/v2\/types\/product"}],"wp:featuredmedia":[{"embeddable":true,"href":"https:\/\/cave-girondine.lesvignoblesdemaxime.fr\/index.php?rest_route=\/wp\/v2\/media\/103"}],"wp:attachment":[{"href":"https:\/\/cave-girondine.lesvignoblesdemaxime.fr\/index.php?rest_route=%2Fwp%2Fv2%2Fmedia&parent=86"}],"wp:term":[{"taxonomy":"product_brand","embeddable":true,"href":"https:\/\/cave-girondine.lesvignoblesdemaxime.fr\/index.php?rest_route=%2Fwp%2Fv2%2Fproduct_brand&post=86"},{"taxonomy":"product_cat","embeddable":true,"href":"https:\/\/cave-girondine.lesvignoblesdemaxime.fr\/index.php?rest_route=%2Fwp%2Fv2%2Fproduct_cat&post=86"},{"taxonomy":"product_tag","embeddable":true,"href":"https:\/\/cave-girondine.lesvignoblesdemaxime.fr\/index.php?rest_route=%2Fwp%2Fv2%2Fproduct_tag&post=86"}],"curies":[{"name":"wp","href":"https:\/\/api.w.org\/{rel}","templated":true}]}}